{"id":42,"date":"2024-09-21T09:38:17","date_gmt":"2024-09-21T09:38:17","guid":{"rendered":"https:\/\/maxpaa.com\/?page_id=42"},"modified":"2024-09-21T11:49:35","modified_gmt":"2024-09-21T11:49:35","slug":"tuyen-dung","status":"publish","type":"page","link":"https:\/\/maxpaa.com\/?page_id=42","title":{"rendered":"MAXPAA RECRUITMENT"},"content":{"rendered":"\n<div class=\"wp-block-group alignfull has-accent-3-background-color has-background is-vertical is-content-justification-center is-layout-flex wp-container-core-group-is-layout-623b1cb9 wp-block-group-is-layout-flex\" style=\"min-height:100vh;margin-top:0;margin-bottom:0;padding-top:var(--wp--preset--spacing--60);padding-right:var(--wp--preset--spacing--50);padding-bottom:var(--wp--preset--spacing--60);padding-left:var(--wp--preset--spacing--50)\">\n<figure class=\"wp-block-image size-full is-resized\"><img loading=\"lazy\" decoding=\"async\" width=\"698\" height=\"400\" src=\"https:\/\/maxpaa.com\/wp-content\/uploads\/2024\/09\/recruitment.jpg\" alt=\"\" class=\"wp-image-80\" style=\"width:586px;height:auto\" srcset=\"https:\/\/maxpaa.com\/wp-content\/uploads\/2024\/09\/recruitment.jpg 698w, https:\/\/maxpaa.com\/wp-content\/uploads\/2024\/09\/recruitment-300x172.jpg 300w\" sizes=\"auto, (max-width: 698px) 100vw, 698px\" \/><\/figure>\n\n\n\n<div class=\"wp-block-group has-global-padding is-layout-constrained wp-block-group-is-layout-constrained\">\n<div style=\"height:var(--wp--preset--spacing--10)\" aria-hidden=\"true\" class=\"wp-block-spacer\"><\/div>\n\n\n\n<h2 class=\"wp-block-heading has-text-align-center has-contrast-color has-text-color has-link-color has-x-large-font-size wp-elements-85d576d153a210e2c7ba6e71ad7ca956\" style=\"margin-right:0;margin-left:0;padding-right:0;padding-left:0\">GRAPHIC DESIGNER<\/h2>\n\n\n\n<p>******\u0110\u00c3 H\u1ebeT H\u1ea0N<\/p>\n\n\n\n<h4 class=\"wp-block-heading\">M\u00f4 t\u1ea3<\/h4>\n\n\n\n<p>\u2013 Designer screenshot game<\/p>\n\n\n\n<p>\u2013 V\u1ebd frame by frame t\u00f9y th\u1eddi \u0111i\u1ec3m<\/p>\n\n\n\n<p>\u2013 Thi\u1ebft k\u1ebf poster cho Game&nbsp;<\/p>\n\n\n\n<h4 class=\"wp-block-heading\">Y\u00eau c\u1ea7u<\/h4>\n\n\n\n<p>\u2013 Y\u00eau c\u1ea7u th\u00e0nh th\u1ea1o wacom, Pts v\u00e0 Ai<\/p>\n\n\n\n<p>\u2013 C\u00f3 t\u01b0 duy th\u1ea9m m\u1ef9, c\u1ea3m th\u1ee5 m\u00e0u s\u1eafc, nhi\u1ec7t t\u00ecnh, l\u00e0m vi\u1ec7c theo nh\u00f3m, ki\u00ean nh\u1eabn, tr\u00e1ch nhi\u1ec7m cao v\u1edbi c\u00f4ng vi\u1ec7c.<\/p>\n\n\n\n<p>\u2013 \u0110\u00e3 c\u00f3 kinh nghi\u1ec7m x\u1eed l\u00fd phim ho\u1ea1t h\u00ecnh l\u00e0 m\u1ed9t l\u1ee3i th\u1ebf<\/p>\n\n\n\n<div style=\"height:var(--wp--preset--spacing--10)\" aria-hidden=\"true\" class=\"wp-block-spacer\"><\/div>\n<\/div>\n<\/div>\n","protected":false},"excerpt":{"rendered":"<p>GRAPHIC DESIGNER ******\u0110\u00c3 H\u1ebeT H\u1ea0N M\u00f4 t\u1ea3 \u2013 Designer screenshot game \u2013 V\u1ebd frame by frame t\u00f9y th\u1eddi \u0111i\u1ec3m \u2013 Thi\u1ebft k\u1ebf poster cho Game&nbsp; Y\u00eau c\u1ea7u \u2013 Y\u00eau c\u1ea7u th\u00e0nh th\u1ea1o wacom, Pts v\u00e0 Ai \u2013 C\u00f3 t\u01b0 duy th\u1ea9m m\u1ef9, c\u1ea3m th\u1ee5 m\u00e0u s\u1eafc, nhi\u1ec7t t\u00ecnh, l\u00e0m vi\u1ec7c theo nh\u00f3m, ki\u00ean nh\u1eabn, tr\u00e1ch [&hellip;]<\/p>\n","protected":false},"author":1,"featured_media":0,"parent":0,"menu_order":0,"comment_status":"closed","ping_status":"closed","template":"","meta":{"footnotes":""},"class_list":["post-42","page","type-page","status-publish","hentry"],"_links":{"self":[{"href":"https:\/\/maxpaa.com\/index.php?rest_route=\/wp\/v2\/pages\/42","targetHints":{"allow":["GET"]}}],"collection":[{"href":"https:\/\/maxpaa.com\/index.php?rest_route=\/wp\/v2\/pages"}],"about":[{"href":"https:\/\/maxpaa.com\/index.php?rest_route=\/wp\/v2\/types\/page"}],"author":[{"embeddable":true,"href":"https:\/\/maxpaa.com\/index.php?rest_route=\/wp\/v2\/users\/1"}],"replies":[{"embeddable":true,"href":"https:\/\/maxpaa.com\/index.php?rest_route=%2Fwp%2Fv2%2Fcomments&post=42"}],"version-history":[{"count":5,"href":"https:\/\/maxpaa.com\/index.php?rest_route=\/wp\/v2\/pages\/42\/revisions"}],"predecessor-version":[{"id":81,"href":"https:\/\/maxpaa.com\/index.php?rest_route=\/wp\/v2\/pages\/42\/revisions\/81"}],"wp:attachment":[{"href":"https:\/\/maxpaa.com\/index.php?rest_route=%2Fwp%2Fv2%2Fmedia&parent=42"}],"curies":[{"name":"wp","href":"https:\/\/api.w.org\/{rel}","templated":true}]}}