{"id":54,"date":"2024-09-21T09:51:46","date_gmt":"2024-09-21T09:51:46","guid":{"rendered":"https:\/\/maxpaa.com\/?page_id=54"},"modified":"2024-09-21T13:08:13","modified_gmt":"2024-09-21T13:08:13","slug":"contact-us","status":"publish","type":"page","link":"https:\/\/maxpaa.com\/?page_id=54","title":{"rendered":"LI\u00caN H\u1ec6"},"content":{"rendered":"\n<ul style=\"line-height:2.2\" class=\"wp-block-list\">\n<li><strong>T\u00ean c\u00f4ng ty<\/strong> : C\u00d4NG TY TR\u00c1CH NHI\u1ec6M H\u1eeeU H\u1ea0N MAXPAA<\/li>\n\n\n\n<li><strong>T\u00ean vi\u1ebft t\u1eaft<\/strong> : MAXPAA CO., LTD<\/li>\n\n\n\n<li><strong>M\u00e3 s\u1ed1 doanh nghi\u1ec7p:<\/strong> 0110833043<\/li>\n\n\n\n<li><strong>\u0110\u1ecba ch\u1ec9:&nbsp;<\/strong>s\u1ed1 31 ng\u00f5 158 ng\u00e1ch 124 Ph\u1ed1 Ng\u1ecdc H\u00e0, Ph\u01b0\u1eddng Ng\u1ecdc H\u00e0 <br>Qu\u1eadn Ba \u0110\u00ecnh, Th\u00e0nh ph\u1ed1 H\u00e0 N\u1ed9i, Vi\u1ec7t Nam<\/li>\n\n\n\n<li><strong>\u0110i\u1ec7n tho\u1ea1i<\/strong>: 0888159319<\/li>\n\n\n\n<li><strong>Email<\/strong>: maxpaa88@gmail.com<\/li>\n\n\n\n<li><strong>Website<\/strong>: https:\/\/maxpaa.com\/<\/li>\n<\/ul>\n","protected":false},"excerpt":{"rendered":"","protected":false},"author":1,"featured_media":0,"parent":0,"menu_order":0,"comment_status":"closed","ping_status":"closed","template":"","meta":{"footnotes":""},"class_list":["post-54","page","type-page","status-publish","hentry"],"_links":{"self":[{"href":"https:\/\/maxpaa.com\/index.php?rest_route=\/wp\/v2\/pages\/54","targetHints":{"allow":["GET"]}}],"collection":[{"href":"https:\/\/maxpaa.com\/index.php?rest_route=\/wp\/v2\/pages"}],"about":[{"href":"https:\/\/maxpaa.com\/index.php?rest_route=\/wp\/v2\/types\/page"}],"author":[{"embeddable":true,"href":"https:\/\/maxpaa.com\/index.php?rest_route=\/wp\/v2\/users\/1"}],"replies":[{"embeddable":true,"href":"https:\/\/maxpaa.com\/index.php?rest_route=%2Fwp%2Fv2%2Fcomments&post=54"}],"version-history":[{"count":3,"href":"https:\/\/maxpaa.com\/index.php?rest_route=\/wp\/v2\/pages\/54\/revisions"}],"predecessor-version":[{"id":110,"href":"https:\/\/maxpaa.com\/index.php?rest_route=\/wp\/v2\/pages\/54\/revisions\/110"}],"wp:attachment":[{"href":"https:\/\/maxpaa.com\/index.php?rest_route=%2Fwp%2Fv2%2Fmedia&parent=54"}],"curies":[{"name":"wp","href":"https:\/\/api.w.org\/{rel}","templated":true}]}}